146/t?
2, 3
Let g be 1*(4/1 - -4). Let d = g + 16. What are the prime factors of d?
2, 3
Let b be 28/13 - 12/78. Suppose -b*g + 29 + 17 = 0. What are the prime factors of g?
23
List the prime factors of (-9590)/(-4)*(-9 + 490/50).
2, 7, 137
Let r(l) = -l**3 - 9*l**2 + 11*l + 13. Let a be r(-10). Suppose v = 1, a*v + 77 = -3*g + 299. What are the prime factors of g?
73
Let l(v) = 2*v**2 - 18*v - 8. List the prime factors of l(10).
2, 3
Suppose 3*t + 3 = 0, 2*u - 367 = -3*u + 2*t. Let d = 5 + u. What are the prime factors of d?
2, 3, 13
Suppose 0 = 2*l + 3*u - 1108, -l = -2*l + 5*u + 554. List the prime factors of l.
2, 277
Let a be 82 + (-2 - 0) + (-12)/(-2). Let n = 84 + a. What are the prime factors of n?
2, 5, 17
Let l(b) = 40*b + 278. Let f be l(-7). Suppose -7*q = -4*q + 5*v - 35, 4*q = -2*v + 42. What are the prime factors of q/20 + (-37)/f?
19
Suppose -1244 + 11828 = 14*b. What are the prime factors of b?
2, 3, 7
Let t(h) be the second derivative of h**4/12 + 7*h**3/6 - 3*h**2/2 + 3*h. Let i be t(-7). What are the prime factors of (-2)/6 + (-73)/i?
2, 3
Let d(a) = -a**3 - 10*a**2 + 11*a. Let v be d(-11). What are the prime factors of 0 - -1 - (v + -10)?
11
Suppose -22*t + 7287 + 56491 = 0. List the prime factors of t.
13, 223
Let w be (-12)/(-10)*20/6. Suppose 2*s - 4*x = -4, x = w*s - 2*s - 2. Suppose -47 = -s*v + 1. List the prime factors of v.
2, 3
Suppose -5*o + o + 22 = -2*q, 0 = -3*q + 3*o - 18. Let s = q - -5. Suppose 3*u - 4*x = -8*x + 192, 0 = -s*x. List the prime factors of u.
2
Let a(z) be the first derivative of z**4/12 + 2*z**3 + 6*z**2 - 2*z + 5. Let i(q) be the first derivative of a(q). What are the prime factors of i(-12)?
2, 3
Let h(c) = c**2 + 10*c - 9. Let p be h(-11). Suppose -3*y + 315 = p*y. What are the prime factors of y?
3, 7
Suppose j - 2*c = -0*c + 64, 5*c = -3*j + 159. Suppose 181 = 2*o + 5*p + j, -2*p = -2. List the prime factors of o.
59
Suppose -6 = -0*q - 4*q + 3*j, 4*j = 3*q - 8. Suppose b - 5*b + 512 = q. What are the prime factors of b?
2
Suppose -137*o + 5238 = -128*o. What are the prime factors of o?
2, 3, 97
Let p be (-2)/(-10) - (-2540)/50. Let l = 71 - p. Let c = l - 16. List the prime factors of c.
2
What are the prime factors of ((-660)/(-14))/(9/63)?
2, 3, 5, 11
Suppose 2*p + 249 = 3*k + 44, 2*p = -2*k + 120. List the prime factors of k.
5, 13
Suppose 7 = -4*j - 5. Let c be (-4 + 1)/(j/9). List the prime factors of (-8)/36 + 488/c.
2, 3
Let d(q) = 14*q**3 + 3*q**2 - 5*q + 6. Let k be d(3). Suppose 2*m - 32 - 118 = -5*x, 5*m - k = -2*x. What are the prime factors of m?
2, 5
Let m(s) = -11*s - 11. Let f be m(-28). Let r = f + -40. List the prime factors of r.
257
Let c be 7/9 + 12/54. List the prime factors of 1615/6 - ((-1)/c)/(-6).
269
Let q(c) be the second derivative of c**4/6 - 10*c**3/3 - 9*c**2/2 - 4*c. What are the prime factors of q(14)?
103
Suppose a + 5*j - 349 = 0, -j = -5*a + 646 + 1125. What are the prime factors of a?
2, 3, 59
Let x(b) = -b**2 + 1. Let d(q) = 6*q**2 + 8*q + 9. Let l(f) = d(f) + 2*x(f). Let i be l(-9). Let s = i - 187. What are the prime factors of s?
2, 19
Suppose 8 = -2*d + 4*d. Suppose d*m - 6 = 2*m. What are the prime factors of m?
3
Suppose -14 = -2*c - 2*p, 2*p + 4 - 2 = 2*c. Suppose -c*s = -2*s - 4. What are the prime factors of (7 - (4 + -1))*s?
2
Let y(d) = 112*d**2 + 9*d - 33. What are the prime factors of y(4)?
5, 359
Let y(j) = 4*j**3 + 17*j**2 - 18*j + 1. Let v(x) = -3*x**3 - 16*x**2 + 17*x - 2. Let b(m) = -5*v(m) - 4*y(m). List the prime factors of b(9).
2, 3, 11
Let t(y) = -y**3 - 8*y**2 - 9*y - 11. Let j be t(-7). Suppose -3*d + 336 = 3*s, s - 62 = j*d + 70. What are the prime factors of s?
3, 13
Let x be 1/(4/6*15/2620). Let p = x - 155. List the prime factors of p.
107
Suppose -5*y = -4*y - 8. Suppose -m = -2*p - 4, -4*m = -2*p - 6*m + y. Suppose 38 = 5*i + 4*n - 9, -2*n + 6 = p. List the prime factors of i.
7
Let t = -38 - -68. Let h be ((-1)/2)/((-5)/t). Suppose 5*p = 4*l + 57, p - 12 = -h*l + 7. What are the prime factors of p?
13
Suppose -889 = -25*f + 261. List the prime factors of f.
2, 23
Suppose -2*u = -8, 1223 = 10*j - 9*j - 3*u. What are the prime factors of j?
5, 13, 19
Let d = 388 - 279. List the prime factors of d.
109
List the prime factors of 10*(1504/40 - 8).
2, 37
Suppose 168 = 4*x + 2*t, -3*x - 3*t + 112 = 2*t. Let r = x - 5. List the prime factors of r.
3, 13
List the prime factors of (-475)/(-1) + (1 - 3).
11, 43
Suppose 0 = -f + 5*n + 4 - 3, 0 = -5*f + 5*n + 65. Suppose -u + f = 3*u. What are the prime factors of u/6*(-99)/(-6)?
11
What are the prime factors of (-77 + 3)*(-12 - (-7 + 5))?
2, 5, 37
Let s = -9 + 13. Let q be (-6)/s*100/(-6). What are the prime factors of (-2)/5 - (-235)/q?
3
Let m = -79 - -52. Let q = 140 + m. List the prime factors of q.
113
Let y(a) = a + 4. Let j be y(0). Let n = 308 - 242. Suppose -26 = -j*p + n. List the prime factors of p.
23
Let i(o) be the second derivative of o**4/12 - o**3/6 - 11*o**2 + 9*o. What are the prime factors of i(-12)?
2, 67
Suppose -l + 582 = -546. Suppose -8*q - l = -14*q. List the prime factors of q.
2, 47
Let g(s) = s**3 + 37*s**2 - 12*s - 38. List the prime factors of g(-8).
2, 3, 11, 29
Let l be -2 - -4 - (-26)/13. Suppose -2*z = -h - 20, -l + 32 = 3*z - h. List the prime factors of z.
2
Suppose 62 = t + 5*m - 87, -4*t - 2*m = -542. Let n = t + -26. List the prime factors of n.
2, 3
Let p = -1058 - -2303. What are the prime factors of p?
3, 5, 83
Let i(b) = -b - 10. Let j be i(-13). Suppose 3*x + 0*x - 27 = j*w, 41 = 5*x - 3*w. List the prime factors of x.
7
Let z(h) = -3*h - 2. Let q(t) = -1. Let a(u) = -6*q(u) - z(u). Let f be a(6). Suppose -v + 3 + f = 0. List the prime factors of v.
29
Let p = 68 + -125. Let t = 48 - p. List the prime factors of t.
3, 5, 7
Let n(f) = 63*f + 2. Let w = 15 + -14. What are the prime factors of n(w)?
5, 13
Let p = 868 - 381. What are the prime factors of p?
487
Let t = -25 + 40. Let f(y) = -y**3 + 14*y**2 + 14*y - 5. Let p be f(t). Let l = -17 - p. What are the prime factors of l?
3
Suppose 2*j - 4 = -0*j. Suppose j*k = 4 - 0. Let c = k - -4. List the prime factors of c.
2, 3
Let j = -18 + 22. Suppose 3*v + 15 = 0, -w + j*v - 5 = -2*w. What are the prime factors of w?
5
What are the prime factors of (-21 - -20) + 1850/(0 - -2)?
2, 3, 7, 11
Let y be (-2 + 16/6)/(2/219). Suppose d = y - 33. What are the prime factors of d?
2, 5
Suppose 13*z + 520 = 15*z. Suppose 2*w = 4*w - z. What are the prime factors of w?
2, 5, 13
Let l = -3173 + 7408. What are the prime factors of l?
5, 7, 11
Suppose 3*p = -0*i - 5*i + 1992, 0 = -p - 2*i + 664. What are the prime factors of p?
2, 83
Let u be (24/5)/((-44)/(-10450)). Suppose 0 = 3*y + y - u. What are the prime factors of y?
3, 5, 19
Let k = 109 + -114. What are the prime factors of (-758)/k - 6 - (-4)/10?
2, 73
Let y be 9/36 - 81/4. List the prime factors of ((-72)/y)/(4/30).
3
Let u be 10*(-4)/(-8) + 0. Suppose 138 = u*o + 2*q, -2*q = o - 0*o - 26. What are the prime factors of o?
2, 7
Suppose 7*z = -6 + 48. Let r(l) = -l - 11. Let o be r(z). Let u = o - -32. List the prime factors of u.
3, 5
Let v(a) = -20*a + 12. Let m(k) = k**3 + 4*k**2 - 10*k + 6. Let i be m(-6). List the prime factors of v(i).
2, 3, 11
Let n = 307 - 183. Suppose 685 = n*b - 119*b. What are the prime factors of b?
137
Let u = 7 + -7. Suppose u = z - 2*r - 31, -5*z + 4*r = -0*z - 131. List the prime factors of z.
23
Suppose -22*s - 15228 = -86640. What are the prime factors of s?
2, 3, 541
Let f be (3/6 - (-14438)/(-4)) + -3. List the prime factors of (-4)/80*-5 - f/16.
2, 113
Let d(b) = 98*b**2 - 2*b + 5. What are the prime factors of d(1)?
101
Let p(y) = -44*y - 199. List the prime factors of p(-35).
3, 149
Let n = 31 - 31. Let g = 0 - n. Suppose g = 5*b + p - 82 - 216, -4*b - 3*p + 245 = 0. List the prime factors of b.
59
Suppose 177 = 2*j - 5*s - 1234, 2*j = -s + 1417. Suppose 110 = 4*x + b - j, -199 = -x - 3*b. What are the prime factors of x?
5, 41
Let f(d) = 986*d**2 - 17*d - 19. What are the prime factors of f(-1)?
2, 3, 41
Let c be (1 - (2 + -3)) + 8. Let f be (4/c)/(3/240). Suppose k = 3*d - f, -3*d + 2 = 3*k - 10. List the prime factors of d.
3
Let w(i) = 57*i**2 - 27*i + 28. What are the prime factors of w(5)?
2, 65